{"id":1090,"date":"2023-02-08T11:30:53","date_gmt":"2023-02-08T10:30:53","guid":{"rendered":"https:\/\/casino-zollverein.de\/?page_id=1090"},"modified":"2023-02-08T11:30:54","modified_gmt":"2023-02-08T10:30:54","slug":"agb","status":"publish","type":"page","link":"https:\/\/casino-zollverein.de\/index.php\/agb\/","title":{"rendered":"AGB"},"content":{"rendered":"\n<p>Allgemeine Gesch\u00e4ftsbedingungen Casino Zollverein_01-04-2022<\/p>\n\n\n\n<p><strong>Allgemeine Gesch\u00e4ftsbedingungen<\/strong><\/p>\n\n\n\n<p><strong>1. Geltungsbereich<\/strong><\/p>\n\n\n\n<p>1.1 Diese Allgemeinen Gesch\u00e4ftsbedingungen gelten f\u00fcr s\u00e4mtliche Leistungen und Lieferungen der Casino Zollverein GmbH, insbesondere f\u00fcr Bewirtungsvertr\u00e4ge, Veranstaltungen jeglicher Art, Cate- rings, Events, Verkauf von Waren Au\u00dfer-Haus inkl. Webshop-Verk\u00e4ufen sowie f\u00fcr alle hiermit zu- sammenh\u00e4ngenden weiteren Leistungen und Lieferungen.<\/p>\n\n\n\n<p>1.2 Von diesen Allgemeinen Gesch\u00e4ftsbedingungen abweichende Regelungen gelten nur im Falle schriftlicher Best\u00e4tigung durch die Casino Zollverein GmbH.<br><strong>2. Angebot, Vertragsschluss, Schriftform<br><\/strong>2.1 Pr\u00e4sentationen der Casino Zollverein GmbH, insbesondere im Internet oder in Werbebrosch\u00fcren und Flyern stellen kein bindendes Angebot dar.<\/p>\n\n\n\n<p>2.2 Eine Reservierung kommt durch die Annahme des Antrags des Kunden durch die Casino Zollver- ein GmbH zustande. Dem Restaurant steht es frei, die Reservierung in Textform zu best\u00e4tigen.<br>2.3 Veranstaltungsvertr\u00e4ge kommen dadurch zustande, dass ein von der Casino Zollverein GmbH abgegebenes Angebot durch den Auftraggeber schriftlich angenommen wird und wiederum von der Casino Zollverein GmbH best\u00e4tigt wird. Bis zum Zeitpunkt der abschlie\u00dfenden, finalen Best\u00e4tigung von Seiten der Casino Zollverein GmbH, welche immer in Schriftform zu erfolgen hat, bleibt das An- gebot freibleibend.<\/p>\n\n\n\n<p>2.4 Irrtum -und sich dadurch ergebende \u00c4nderungen der vereinbarten Inhalte des Angebotes durch die Casino Zollverein GmbH &#8211; sind ausdr\u00fccklich zu akzeptieren. Dies ist vor allem dann der Fall, wenn Art und Umfang des Angebots merklich vom \u00fcblichen Gesch\u00e4ftsgebaren und den gel\u00e4ufigen Angebotsformaten abweicht.<\/p>\n\n\n\n<p><strong>3. Gesamtschuldnerische Haftung<\/strong><\/p>\n\n\n\n<p>3.1 Schlie\u00dft ein Dritter f\u00fcr einen Gast oder einen Auftraggeber einen Vertrag ab oder bedient sich der Auftraggeber einer Veranstaltung bei deren Organisation oder Durchf\u00fchrung eines Dritten, so haftet der Gast und der Dritte bzw. der Auftragsgeber und der Dritte als Gesamtschuldner. 3.2 Unabh\u00e4ngig von der beauftragten Person haften Brautpaare grunds\u00e4tzlich gesamtschuldnerisch. <strong>4. Preise und Zahlungsbedingungen<\/strong><\/p>\n\n\n\n<p>4.1 Die Preise schlie\u00dfen die gesetzliche Umsatzsteuer ein. Ausnahme hierzu sind Angebote f\u00fcr Ver- anstaltungshalle und Catering. Hier weisen wir Artikel- und Produktbezogen ausschlie\u00dflich Nettoprei- se aus. Die Gesamtkosten werden dann inklusive der gesamten Mehrwertsteuer ausgewiesen.<br>4.2 Rechnungen der Casino Zollverein GmbH sind sofort nach Zugang ohne Abzug zahlbar.<\/p>\n\n\n\n<p>4.3 Die Casino Zollverein GmbH ist berechtigt, bei Vertragsschluss oder danach, eine angemessene Vorauszahlung oder Sicherheitsleistung zu verlangen. Die H\u00f6he der Vorauszahlungen und deren F\u00e4l- ligkeit wird im Vertrag schriftlich vereinbart. Die Casino Zollverein GmbH ist ferner berechtigt, w\u00e4hrend der Vertragslaufzeit aufgelaufenen Forderungen durch Erteilung von Zwischenrechnungen jederzeit f\u00e4llig zu stellen und sofortige Zahlung zu verlangen. (siehe auch Punkt 4.4) Bis zur Zahlung der Vo- rauszahlungen, der Sicherheitsleistung oder der f\u00e4lligen Zwischenrechnung steht der Casino Zollver- ein GmbH ein Leistungsverweigerungsrecht zu.<\/p>\n\n\n\n<p>4.4 Grunds\u00e4tzlich gilt BAR- oder EC-Cash Zahlung sofort nach Leistungserhalt als vereinbart. Kredit- kartenzahlungen wird bis maximal 2.000,00 EUR akzeptiert. Bei Online-K\u00e4ufen gelten die dort abge- bildeten Zahlungsm\u00f6glichkeiten. Eine Zahlung auf Rechnung muss schriftlich im Vorfeld vereinbart werden. Der Besteller muss dazu eine gesamtschuldnerische Kosten\u00fcbernahmeerkl\u00e4rung bei der Casino Zollverein GmbH einreichen. <strong>Bei Ums\u00e4tzen von \u00fcber 3.000 EUR Umsatz ist eine Anzah- lung in H\u00f6he von 50% des erwarteten Bruttoumsatzes zu leisten. <\/strong>Anzahlungen m\u00fcssen bis sp\u00e4- testens 7 Bankwerktage vor der geplanten Veranstaltung eingegangen sein. Sollte bis dahin Anzah- lung nicht erfolgt sein, behalten wir uns das Recht vor, Buchungen, K\u00e4ufe, Reservierungen ohne An- gabe von Gr\u00fcnden bis zu diesem Zeitpunkt erbrachten oder bestellte Waren oder Dienstleistungen sind vom Auftragsgeber zu erstatten bzw. zu stornieren. Eine Rechnungsstellung \u00fcber Speisen, Ge- tr\u00e4nke und Extras erfolgt grunds\u00e4tzlich nur nach Vereinbarung als Gesamtrechnung an die Besteller- anschrift. Rechnungen sind ohne jeden Abzug ab Zugang sofort zahlbar, soweit nichts anderes ver- einbart wurde. Rechnungen an Veranstalter\/Besteller, deren Rechnungsadresse nicht in Deutschland liegt, k\u00f6nnen nur in Bar, Kreditkarte oder per EC-Karte beglichen werden. Eine Zahlung per Vor- ab\u00fcberweisung ist nur in abgesprochenen Ausnahmef\u00e4llen m\u00f6glich und bedarf der schriftlichen Best\u00e4- tigung durch die Casino Zollverein GmbH.<\/p>\n\n\n\n<p>4.5 Ger\u00e4t die Cook GmbH bei der Erbringung ihrer Leistungen im Verzug und ist dieser Verzug nicht auf Eigenverschulden zur\u00fcck zu f\u00fchren, so stellt der Auftragsgeber die Casino Zollverein GmbH von jeglicher Haftung und Schadenersatzforderungen frei. Versp\u00e4tete Leistungserbringungen stellen den Auftragsgeber die vereinbarten Zahlungsverpflichtungen nicht frei. Dies gilt insbesondere bei Catering, Au\u00dfer Haus Lieferungen, Veranstaltungen Inhouse, Bereitstellen von Waren zur Abholung.<\/p>\n\n\n\n<p><strong>5. Besondere Bestimmungen bei Veranstaltungen, Catering, Events<\/strong><\/p>\n\n\n\n<p>5.1 Die Unter- und Weitervermietung von im Rahmen einer Veranstaltung \u00fcberlassenen R\u00e4ume, Vitri- nen oder Fl\u00e4chen an Dritte sowie die \u00c4nderung der vereinbarten Art der Veranstaltung bed\u00fcrfen der vorherigen schriftlichen Zustimmung der Casino Zollverein GmbH.<br>5.2 Der Auftraggeber hat f\u00fcr seine Veranstaltung notwendige beh\u00f6rdliche Erlaubnisse rechtzeitig auf eigene Kosten zu beschaffen. Ihm obliegt die Einhaltung \u00f6ffentlich-rechtlicher Auflagen und sonstiger Vorschriften. An Dritte zu zahlende Abgaben, insbesondere GEMA-Geb\u00fchren, hat er unmittelbar an den Gl\u00e4ubiger zu entrichten. Dem Auftragsgeber wird angeboten eine Stornoversicherung abzuschlie- \u00dfen.<\/p>\n\n\n\n<p>5.3 Die Anbringung von Dekorationen oder sonstigen Materialien bedarf der vorherigen schriftlichen Zustimmung des Casino Zollverein GmbH. Die Dekorationsmaterialien m\u00fcssen den feuerpolizeilichen Anforderungen entsprechen. Auf Anfrage hat der Auftraggeber den entsprechenden Nachweis vorzu- legen. Ausschlie\u00dflich der Auftraggeber ist daf\u00fcr verantwortlich, dass die feuerpolizeilichen Anforde- rungen eingehalten werden.<\/p>\n\n\n\n<p>5.4 Vom Auftraggeber selbst mitgebrachtes Dekorationsmaterial muss bis sp\u00e4testens 48 Stunden nach der Veranstaltung von diesem wieder abgeholt werden. Danach ist die Casino Zollverein GmbH berechtigt, es auf Kosten des Auftraggebers zu entsorgen.<br>5.5 \u00c4nderungen der Teilnehmerzahl und der Veranstaltungszeit<\/p>\n\n\n\n<p>5.5.1 Eine Erh\u00f6hung der Teilnehmerzahl muss dem Casino Zollverein GmbH sp\u00e4testens sieben Werk- tage vor Veranstaltungsbeginn mitgeteilt werden; sie bedarf der Zustimmung der Casino Zollverein GmbH, die in Textform erfolgen muss und ist Grundlage der Rechnungsstellung. Ausnahme: Der Ab- rechnung wird die tats\u00e4chliche Teilnehmerzahl zugrunde gelegt, sofern diese h\u00f6her ist, als die Teil- nehmerzahl welche der Casino Zollverein GmbH bis sp\u00e4testens sieben Tage vor Veranstaltungsbe- ginn vorlag.<\/p>\n\n\n\n<p>5.5.2 Eine Reduzierung der Teilnehmerzahl um bis zu 5 % ist kostenfrei bis 7 Tage vor Veranstal- tungsbeginn m\u00f6glich und schriftlich mitzuteilen. Sie bedarf der Zustimmung der Casino Zollverein GmbH. Dar\u00fcber hinaus gehende, auch vor der 7 Tage Frist ergangene Personenzahl\u00e4nderungen werden nur durch die schriftliche Best\u00e4tigung der Casino Zollverein GmbH verbindlich.<\/p>\n\n\n\n<p>5.5.3 Bei Reduzierung der Teilnehmerzahl um mehr als 10 % ist die Casino Zollverein GmbH berech- tigt, die best\u00e4tigten R\u00e4ume, unter Ber\u00fccksichtigung der gegebenenfalls abweichenden Raummiete, zu tauschen, es sei denn, dass dies dem Auftraggeber unzumutbar ist.<br>5.5.4 Verschieben sich die vereinbarten Anfangs- oder Schlusszeiten der Veranstaltung und stimmt das Casino Zollverein GmbH diesen Abweichungen zu, so kann die Casino Zollverein GmbH die zu- s\u00e4tzliche Leistungsbereitschaft angemessen in Rechnung stellen, es sei denn, das Casino Zollverein trifft ein Verschulden.<\/p>\n\n\n\n<p>5.6 Der Vertragspartner darf Speisen und Getr\u00e4nke zu Veranstaltungen nur nach schriftlicher Verein- barung mit der Casino Zollverein GmbH mitbringen. In diesen F\u00e4llen kann die Casino Zollverein GmbH eine angemessene Servicegeb\u00fchr zur Deckung der Gemeinkosten berechnen.<br>5.7 Der Besteller hat daf\u00fcr Sorge zu tragen, dass jegliches von Ihm selbst oder in seinem Auftrag angeliefertes Material, wie Prospekte, Verpackungen etc., vorschriftsm\u00e4\u00dfig entsorgt wird. Das Casino Zollverein GmbH beh\u00e4lt sich das Recht vor, die tats\u00e4chlichen Kosten der Entsorgung des verbleiben- den M\u00fclls sowie eine damit verbundene besondere Reinigung der R\u00e4ume dem Besteller zu berech- nen.<\/p>\n\n\n\n<p>5.8 K\u00fcndigt der Auftraggeber den Vertrag, so werden ihm 100 % der vereinbarten Raumkosten in Rechnung gestellt.<br>Bei exklusiver Raumbuchung f\u00fcr Veranstaltungen werden:<br>&#8211; ab 90 Tagen vor Veranstaltungsbeginn 100 % der Raumkosten und 50 % des der vereinbarten Um- s\u00e4tze<\/p>\n\n\n\n<p>&#8211; ab 14 Tagen vor Veranstaltungsbeginn 100 % der Raumkosten und 80 % des der vereinbarten Um- s\u00e4tze<br>&#8211; ab 2 Tagen vor Veranstaltungsbeginn 100 % der Raumkosten und 90 % des der vereinbarten Um- s\u00e4tze<\/p>\n\n\n\n<p>f\u00e4llig.<br>Bei Buchung ohne exklusive Raumbuchung f\u00fcr Veranstaltungen (z.B. Restauranttische oder Biergar- ten) werden:<br>&#8211; ab 30 Tagen vor Veranstaltungsbeginn 50 % der vereinbarten Ums\u00e4tze<br>&#8211; ab 14 Tagen vor Veranstaltungsbeginn 80 % der vereinbarten Ums\u00e4tze<br>&#8211; ab 2 Tagen vor Veranstaltungsbeginn 90 % der vereinbarten Ums\u00e4tze<br>f\u00e4llig.<\/p>\n\n\n\n<p>Die Stornierung hat schriftlich zu erfolgen. Es z\u00e4hlt der Posteingang. Angefallene Planungs- und Bera- tungskosten werden nach Aufwand berechnet. Individuell entstandene Kosten (Dekoration, externe Dienstleistungen, Personal etc.) werden in der vereinbarten H\u00f6he berechnet.<\/p>\n\n\n\n<p>5.9 Erg\u00e4nzend zu den hier aufgef\u00fchrten Punkten, finden auch die im Anhang der Angebots- und Best\u00e4tigungsschreiben befindlichen Klauseln Anwendung. Diese sind Vertragsbestandteil.<br><strong>6. Besondere Bestimmungen bei Catering, Events und Sonderregelungen Caterings, Webshop, Au\u00dfer Haus<br><\/strong>6.1 Alle mitgelieferten Ger\u00e4te, Beh\u00e4lter, Platten, Teller, Bestecke etc. sind Eigentum der Casino Zoll- verein GmbH. Das Equipment wird vollst\u00e4ndig in einer Ausstattungsliste erfasst, die der Besteller bei Empfang pr\u00fcft und deren Richtigkeit best\u00e4tigt bzw. ggf. korrigiert. Das Equipment darf nur zum verein- barten Zweck und am vereinbarten Ort genutzt werden. Fehlende oder besch\u00e4digte Gegenst\u00e4nde werden dem Kunden zum Wiederbeschaffungswert in Rechnung gestellt. Hochwertige Ausstattung hat er auf eigene Kosten zu versichern bzw. den Wiederbeschaffungswert abzusichern. F\u00fcr hochwertige Ausstattungen kann die Casino Zollverein GmbH einen angemessenen Mietpreis erheben, der indivi- duell vereinbart und in der Preiskalkulation gesondert ausgewiesen wird. Die zur Verf\u00fcgung gestellte Ausstattung ist vom Veranstalter nach Veranstaltungsende zum vereinbarten Termin zur Abholung bereitzustellen.<br>6.2 Sollten angebotene Produkte saisonbedingt nicht lieferbar sein oder von Lieferanten nicht in der erforderlichen Menge bzw. Qualit\u00e4t geliefert werden, so beh\u00e4lt sich die Casino Zollverein GmbH ge- ringf\u00fcgige \u00c4nderungen der angebotenen Speisen\/Getr\u00e4nke durch Ersatz dieser Produkte durch gleichwertige Waren vor. Dies gilt auch f\u00fcr Au\u00dfer Haus Bestellungen und Webshop-K\u00e4ufen.<br>6.3 Dienstleistungen von Servicekr\u00e4ften, Buffetkr\u00e4ften, K\u00fcchen-, Auf- und Abbaupersonal, Reini- gungskr\u00e4ften, Technikern, Hostessen, Hilfskr\u00e4ften werden gesondert vereinbart; hierf\u00fcr wird auf Stun- denbasis abgerechnet.<br><strong>7. R\u00fccktrittsrecht der Casino Zollverein GmbH<br><\/strong>Die Casino Zollverein GmbH ist berechtigt, von Vertr\u00e4gen zur\u00fcckzutreten, wenn<br>a) H\u00f6here Gewalt oder andere von dem Casino Zollverein GmbH nicht zu vertretende Umst\u00e4nde die Erf\u00fcllung des Vertrages unm\u00f6glich machen oder unzumutbar erschweren.<br>b) Die Durchf\u00fchrung des Vertrags den Gesch\u00e4ftsbetrieb, die Sicherheit oder den Ruf der Casino Zoll- verein GmbH nachhaltig beeintr\u00e4chtigen kann, soweit dies nicht von der Casino Zollverein GmbH zu vertreten und nach Vertragsabschluss eingetreten bzw. der Casino Zollverein GmbH bekannt gewor- den ist.<br><strong>8. Weiterver\u00e4u\u00dferung, Eigentumsvorbehalt<br><\/strong>8.1 Bis zu vollst\u00e4ndiger Bezahlung bleiben s\u00e4mtliche Bestellungen im Eigentum der Casino Zollverein GmbH.<br>8.2 Der Kunde\/ Auftragsgeber darf Waren oder Dienstleistungen nicht ohne schriftliches Einverst\u00e4nd- nis der Casino Zollverein GmbH an Dritte weiterver\u00e4u\u00dfern, vermieten oder verleihen.<br><strong>9. Haftung der Casino Zollverein GmbH<br><\/strong>9.1 Sollten St\u00f6rungen oder M\u00e4ngel an den Waren oder Leistungen der Casino Zollverein GmbH auf- treten, wird sich die Casino Zollverein GmbH auf unverz\u00fcgliche R\u00fcge des Vertragspartners bem\u00fchen, f\u00fcr Abhilfe zu sorgen. Unterl\u00e4sst es der Vertragspartner schuldhaft, einen offensichtlichen Mangel der Casino Zollverein GmbH innerhalb einer Frist von zwei Wochen anzuzeigen, so ist ein Anspruch auf Minderung des vertraglich vereinbarten Entgelts ausgeschlossen. Der Vertragspartner ist auch nicht zum R\u00fccktritt berechtigt. Gesetzliche Anzeigepflichten des \u00a7 536 c Abs. 2 Satz 2 BGB sowie \u2013 bei Kaufleuten &#8211; \u00a7 377 HGB bleiben unber\u00fchrt. Gleiches gilt f\u00fcr s\u00e4mtliche sonstige gesetzlichen Anzeige-, Pr\u00fcfungs- und R\u00fcgepflichten.<br>9.2 Die Casino Zollverein GmbH haftet f\u00fcr leicht fahrl\u00e4ssig verursachte sonstige Sch\u00e4den nur dann, wenn diese auf die Verletzung einer wesentlichen Vertragspflicht oder einer Kardinalpflicht in einer den Vertragszweck gef\u00e4hrdeten Weise zur\u00fcckzuf\u00fchren sind. In diesen F\u00e4llen ist die Haftung auf den vorhersehbaren vertragstypischen Schaden begrenzt.<br>9.3 Die vorstehenden Haftungsbeschr\u00e4nkungen gelten nicht f\u00fcr die Haftung wegen vors\u00e4tzlichen Ver- haltens oder grober Fahrl\u00e4ssigkeit, f\u00fcr garantierte Beschaffenheitsmerkmale, wegen Verletzung des Lebens, des K\u00f6rpers oder der Gesundheit oder nach dem Produkthaftungsgesetz.<br><strong>10. Datenschutz<br><\/strong>Die Casino Zollverein GmbH ist berechtigt, personenbezogene Daten zu erheben, zu verarbeiten, zu nutzen, zu speichern und den mit ihr verbundenen Unternehmen zu \u00fcbermitteln, soweit dies zur Durchf\u00fchrung eines der unter Punkt 1 genannten Leistungen erforderlich ist. Alle personenbezogenen Informationen werden vertraulich und gem\u00e4\u00df den gesetzlichen Vorschriften behandelt. Die Abgabe personenbezogener Daten erfolgt auf freiwilliger Basis. Die Verarbeitung erfolgt dabei stets im Ein-<\/p>\n\n\n\n<p>Casino Zollverein GmbH Schacht XII \/ Halle A9 Gelsenkirchener Str. 181 45309 Essen<\/p>\n\n\n\n<p>Tel. 0201 &#8211; 830 240<br>Fax 0201 &#8211; 83024 11<br>E-Mail info@casino-zollverein.de www.casino-zollverein.de<\/p>\n\n\n\n<p>Gesch\u00e4ftsf\u00fchrer<br>Franco Giannetti<br>Steuer Nr. 112\/5744\/0451 HRB Essen 11791<\/p>\n\n\n\n<p><\/p>\n\n\n\n<p>Casino Zollverein GmbH Schacht XII \/ Halle A9 Gelsenkirchener Str. 181 45309 Essen<\/p>\n\n\n\n<p>Tel. 201 &#8211; 830 240<br>Fax 0201 &#8211; 83024 11<br>E-Mail info@casino-zollverein.de www.casino-zollverein.de<\/p>\n\n\n\n<p>Gesch\u00e4ftsf\u00fchrer<br>Franco Giannetti<br>Steuer Nr. 112\/5744\/0451 HRB Essen 11791<\/p>\n","protected":false},"excerpt":{"rendered":"<p>Allgemeine Gesch\u00e4ftsbedingungen Casino Zollverein_01-04-2022 Allgemeine Gesch\u00e4ftsbedingungen 1. Geltungsbereich 1.1 Diese Allgemeinen Gesch\u00e4ftsbedingungen gelten f\u00fcr s\u00e4mtliche Leistungen und Lieferungen der Casino Zollverein GmbH, insbesondere f\u00fcr Bewirtungsvertr\u00e4ge, Veranstaltungen jeglicher Art, Cate- rings, Events, Verkauf von Waren Au\u00dfer-Haus inkl. Webshop-Verk\u00e4ufen sowie f\u00fcr alle hiermit zu- sammenh\u00e4ngenden weiteren Leistungen und Lieferungen. 1.2 Von diesen Allgemeinen Gesch\u00e4ftsbedingungen abweichende Regelungen gelten [&hellip;]<\/p>\n","protected":false},"author":10,"featured_media":0,"parent":0,"menu_order":0,"comment_status":"closed","ping_status":"closed","template":"","meta":{"footnotes":""},"class_list":["post-1090","page","type-page","status-publish","hentry"],"yoast_head":"<!-- This site is optimized with the Yoast SEO plugin v27.1.1 - https:\/\/yoast.com\/product\/yoast-seo-wordpress\/ -->\n<title>AGB - Willkommen im Casino Zollverein<\/title>\n<meta name=\"robots\" content=\"index, follow, max-snippet:-1, max-image-preview:large, max-video-preview:-1\" \/>\n<link rel=\"canonical\" href=\"https:\/\/casino-zollverein.de\/index.php\/agb\/\" \/>\n<meta property=\"og:locale\" content=\"de_DE\" \/>\n<meta property=\"og:type\" content=\"article\" \/>\n<meta property=\"og:title\" content=\"AGB - Willkommen im Casino Zollverein\" \/>\n<meta property=\"og:description\" content=\"Allgemeine Gesch\u00e4ftsbedingungen Casino Zollverein_01-04-2022 Allgemeine Gesch\u00e4ftsbedingungen 1. Geltungsbereich 1.1 Diese Allgemeinen Gesch\u00e4ftsbedingungen gelten f\u00fcr s\u00e4mtliche Leistungen und Lieferungen der Casino Zollverein GmbH, insbesondere f\u00fcr Bewirtungsvertr\u00e4ge, Veranstaltungen jeglicher Art, Cate- rings, Events, Verkauf von Waren Au\u00dfer-Haus inkl. Webshop-Verk\u00e4ufen sowie f\u00fcr alle hiermit zu- sammenh\u00e4ngenden weiteren Leistungen und Lieferungen. 1.2 Von diesen Allgemeinen Gesch\u00e4ftsbedingungen abweichende Regelungen gelten [&hellip;]\" \/>\n<meta property=\"og:url\" content=\"https:\/\/casino-zollverein.de\/index.php\/agb\/\" \/>\n<meta property=\"og:site_name\" content=\"Willkommen im Casino Zollverein\" \/>\n<meta property=\"article:modified_time\" content=\"2023-02-08T10:30:54+00:00\" \/>\n<meta name=\"twitter:card\" content=\"summary_large_image\" \/>\n<meta name=\"twitter:label1\" content=\"Gesch\u00e4tzte Lesezeit\" \/>\n\t<meta name=\"twitter:data1\" content=\"11\u00a0Minuten\" \/>\n<script type=\"application\/ld+json\" class=\"yoast-schema-graph\">{\"@context\":\"https:\/\/schema.org\",\"@graph\":[{\"@type\":\"WebPage\",\"@id\":\"https:\/\/casino-zollverein.de\/index.php\/agb\/\",\"url\":\"https:\/\/casino-zollverein.de\/index.php\/agb\/\",\"name\":\"AGB - Willkommen im Casino Zollverein\",\"isPartOf\":{\"@id\":\"https:\/\/casino-zollverein.de\/#website\"},\"datePublished\":\"2023-02-08T10:30:53+00:00\",\"dateModified\":\"2023-02-08T10:30:54+00:00\",\"breadcrumb\":{\"@id\":\"https:\/\/casino-zollverein.de\/index.php\/agb\/#breadcrumb\"},\"inLanguage\":\"de\",\"potentialAction\":[{\"@type\":\"ReadAction\",\"target\":[\"https:\/\/casino-zollverein.de\/index.php\/agb\/\"]}]},{\"@type\":\"BreadcrumbList\",\"@id\":\"https:\/\/casino-zollverein.de\/index.php\/agb\/#breadcrumb\",\"itemListElement\":[{\"@type\":\"ListItem\",\"position\":1,\"name\":\"Startseite\",\"item\":\"https:\/\/casino-zollverein.de\/\"},{\"@type\":\"ListItem\",\"position\":2,\"name\":\"AGB\"}]},{\"@type\":\"WebSite\",\"@id\":\"https:\/\/casino-zollverein.de\/#website\",\"url\":\"https:\/\/casino-zollverein.de\/\",\"name\":\"Willkommen im Casino Zollverein\",\"description\":\"Willkommen im Casino Zollverein\",\"potentialAction\":[{\"@type\":\"SearchAction\",\"target\":{\"@type\":\"EntryPoint\",\"urlTemplate\":\"https:\/\/casino-zollverein.de\/?s={search_term_string}\"},\"query-input\":{\"@type\":\"PropertyValueSpecification\",\"valueRequired\":true,\"valueName\":\"search_term_string\"}}],\"inLanguage\":\"de\"}]}<\/script>\n<!-- \/ Yoast SEO plugin. -->","yoast_head_json":{"title":"AGB - Willkommen im Casino Zollverein","robots":{"index":"index","follow":"follow","max-snippet":"max-snippet:-1","max-image-preview":"max-image-preview:large","max-video-preview":"max-video-preview:-1"},"canonical":"https:\/\/casino-zollverein.de\/index.php\/agb\/","og_locale":"de_DE","og_type":"article","og_title":"AGB - Willkommen im Casino Zollverein","og_description":"Allgemeine Gesch\u00e4ftsbedingungen Casino Zollverein_01-04-2022 Allgemeine Gesch\u00e4ftsbedingungen 1. Geltungsbereich 1.1 Diese Allgemeinen Gesch\u00e4ftsbedingungen gelten f\u00fcr s\u00e4mtliche Leistungen und Lieferungen der Casino Zollverein GmbH, insbesondere f\u00fcr Bewirtungsvertr\u00e4ge, Veranstaltungen jeglicher Art, Cate- rings, Events, Verkauf von Waren Au\u00dfer-Haus inkl. Webshop-Verk\u00e4ufen sowie f\u00fcr alle hiermit zu- sammenh\u00e4ngenden weiteren Leistungen und Lieferungen. 1.2 Von diesen Allgemeinen Gesch\u00e4ftsbedingungen abweichende Regelungen gelten [&hellip;]","og_url":"https:\/\/casino-zollverein.de\/index.php\/agb\/","og_site_name":"Willkommen im Casino Zollverein","article_modified_time":"2023-02-08T10:30:54+00:00","twitter_card":"summary_large_image","twitter_misc":{"Gesch\u00e4tzte Lesezeit":"11\u00a0Minuten"},"schema":{"@context":"https:\/\/schema.org","@graph":[{"@type":"WebPage","@id":"https:\/\/casino-zollverein.de\/index.php\/agb\/","url":"https:\/\/casino-zollverein.de\/index.php\/agb\/","name":"AGB - Willkommen im Casino Zollverein","isPartOf":{"@id":"https:\/\/casino-zollverein.de\/#website"},"datePublished":"2023-02-08T10:30:53+00:00","dateModified":"2023-02-08T10:30:54+00:00","breadcrumb":{"@id":"https:\/\/casino-zollverein.de\/index.php\/agb\/#breadcrumb"},"inLanguage":"de","potentialAction":[{"@type":"ReadAction","target":["https:\/\/casino-zollverein.de\/index.php\/agb\/"]}]},{"@type":"BreadcrumbList","@id":"https:\/\/casino-zollverein.de\/index.php\/agb\/#breadcrumb","itemListElement":[{"@type":"ListItem","position":1,"name":"Startseite","item":"https:\/\/casino-zollverein.de\/"},{"@type":"ListItem","position":2,"name":"AGB"}]},{"@type":"WebSite","@id":"https:\/\/casino-zollverein.de\/#website","url":"https:\/\/casino-zollverein.de\/","name":"Willkommen im Casino Zollverein","description":"Willkommen im Casino Zollverein","potentialAction":[{"@type":"SearchAction","target":{"@type":"EntryPoint","urlTemplate":"https:\/\/casino-zollverein.de\/?s={search_term_string}"},"query-input":{"@type":"PropertyValueSpecification","valueRequired":true,"valueName":"search_term_string"}}],"inLanguage":"de"}]}},"_links":{"self":[{"href":"https:\/\/casino-zollverein.de\/index.php\/wp-json\/wp\/v2\/pages\/1090","targetHints":{"allow":["GET"]}}],"collection":[{"href":"https:\/\/casino-zollverein.de\/index.php\/wp-json\/wp\/v2\/pages"}],"about":[{"href":"https:\/\/casino-zollverein.de\/index.php\/wp-json\/wp\/v2\/types\/page"}],"author":[{"embeddable":true,"href":"https:\/\/casino-zollverein.de\/index.php\/wp-json\/wp\/v2\/users\/10"}],"replies":[{"embeddable":true,"href":"https:\/\/casino-zollverein.de\/index.php\/wp-json\/wp\/v2\/comments?post=1090"}],"version-history":[{"count":1,"href":"https:\/\/casino-zollverein.de\/index.php\/wp-json\/wp\/v2\/pages\/1090\/revisions"}],"predecessor-version":[{"id":1092,"href":"https:\/\/casino-zollverein.de\/index.php\/wp-json\/wp\/v2\/pages\/1090\/revisions\/1092"}],"wp:attachment":[{"href":"https:\/\/casino-zollverein.de\/index.php\/wp-json\/wp\/v2\/media?parent=1090"}],"curies":[{"name":"wp","href":"https:\/\/api.w.org\/{rel}","templated":true}]}}